r of 42688 and 3680.
736
What is the highest common factor of 498 and 2274?
6
Calculate the greatest common factor of 5945 and 7380.
205
Calculate the greatest common factor of 450 and 9189.
9
Calculate the greatest common factor of 86768 and 8.
8
What is the highest common factor of 15071273 and 49?
49
Calculate the greatest common factor of 368064 and 486.
162
Calculate the greatest common divisor of 66107 and 7.
1
Calculate the greatest common divisor of 3430 and 55790.
70
Calculate the highest common factor of 782 and 1426.
46
Calculate the highest common divisor of 12159 and 710626.
1351
What is the greatest common factor of 130745 and 3641?
331
Calculate the greatest common factor of 13453 and 4730.
11
What is the greatest common factor of 311 and 1847029?
311
Calculate the greatest common divisor of 50 and 191340.
10
Calculate the greatest common divisor of 9675 and 2795.
215
Calculate the greatest common divisor of 21301 and 473634.
1253
Calculate the greatest common factor of 276 and 504988.
92
Calculate the highest common divisor of 72448 and 1168.
16
What is the highest common factor of 5100 and 10980?
60
What is the highest common divisor of 2264514 and 6?
6
What is the greatest common factor of 6460 and 14705?
85
What is the highest common divisor of 33 and 231946?
11
What is the greatest common divisor of 252 and 59136?
84
Calculate the highest common divisor of 75 and 55395.
15
Calculate the highest common divisor of 129 and 75723.
129
What is the highest common factor of 1 and 84659?
1
Calculate the highest common divisor of 3012 and 36897.
753
What is the highest common divisor of 2830306 and 212?
106
Calculate the greatest common divisor of 896 and 397992.
56
What is the greatest common factor of 966 and 3240447?
483
What is the highest common divisor of 10954981 and 86?
43
Calculate the highest common factor of 11 and 58267.
11
Calculate the highest common divisor of 1895 and 795.
5
What is the highest common factor of 231478 and 921?
307
Calculate the highest common divisor of 1392 and 57768.
696
What is the highest common divisor of 30821 and 74?
37
What is the highest common factor of 2607 and 141963?
237
Calculate the greatest common factor of 87112 and 1848.
8
Calculate the highest common divisor of 7700 and 59136.
308
What is the highest common divisor of 112581 and 756?
63
What is the greatest common divisor of 23139 and 99?
9
Calculate the greatest common factor of 10829 and 147.
49
What is the highest common divisor of 51084 and 31482?
594
Calculate the highest common divisor of 33660 and 1628.
44
Calculate the highest common factor of 1570200 and 375.
75
Calculate the greatest common factor of 1344 and 72.
24
What is the highest common factor of 1958 and 5963?
89
Calculate the highest common factor of 1905833 and 18977.
2711
Calculate the greatest common divisor of 137760 and 570.
30
Calculate the highest common divisor of 116 and 207118.
58
Calculate the highest common divisor of 355 and 90.
5
Calculate the greatest common factor of 2021734 and 88.
22
Calculate the highest common divisor of 109055 and 170.
85
Calculate the greatest common factor of 103246 and 38.
38
Calculate the highest common divisor of 17145 and 1215.
135
Calculate the highest common factor of 750 and 102750.
750
Calculate the highest common factor of 8968 and 760.
152
Calculate the greatest common divisor of 1078 and 125160.
14
What is the highest common factor of 57 and 33250?
19
What is the greatest common factor of 2028 and 11804?
52
What is the highest common factor of 546 and 5397?
21
What is the greatest common factor of 4329 and 3663?
333
Calculate the greatest common divisor of 546322 and 49.
7
Calculate the greatest common divisor of 177346 and 57.
19
What is the highest common factor of 8404 and 1598861?
2101
What is the greatest common divisor of 1229378 and 2134?
194
Calculate the greatest common divisor of 2569623 and 21.
21
What is the greatest common divisor of 142 and 728389?
71
Calculate the greatest common divisor of 130 and 281437.
13
What is the highest common divisor of 13916 and 294?
98
Calculate the highest common factor of 2295258 and 84.
42
What is the greatest common factor of 9549 and 36?
9
Calculate the highest common divisor of 56525 and 1064.
133
What is the greatest common factor of 545 and 26378?
109
What is the highest common divisor of 109 and 3398293?
109
What is the greatest common divisor of 6194937 and 42?
21
Calculate the highest common factor of 191087 and 26.
13
Calculate the highest common divisor of 318 and 3021.
159
Calculate the highest common divisor of 63 and 8629425.
63
What is the highest common factor of 4839840 and 1920?
480
What is the greatest common divisor of 1683 and 969?
51
What is the greatest common factor of 27270 and 31860?
270
What is the greatest common factor of 1490 and 15430?
10
Calculate the highest common divisor of 1329 and 148405.
443
What is the greatest common divisor of 158559 and 153?
51
Calculate the highest common divisor of 36 and 250.
2
Calculate the greatest common divisor of 168 and 2071902.
42
Calculate the highest common factor of 1 and 47356.
1
Calculate the greatest common factor of 204575 and 13360.
835
Calculate the highest common factor of 75 and 1127580.
15
Calculate the highest common factor of 22158 and 1212.
6
Calculate the highest common divisor of 2353 and 6097.
13
Calculate the greatest common factor of 1145629 and 157.
157
Calculate the greatest common factor of 41328 and 2419.
41
What is the greatest common factor of 2410 and 7730?
10
What is the highest common divisor of 1348661 and 17?
17
Calculate the highest common factor of 15308 and 45568.
356
What is the highest common divisor of 48895 and 1265?
55
What is the greatest common divisor of 316 and 191812?
316
Calculate the highest common factor of 7700 and 26796.
308
Calculate the highest common factor of 255 and 11390.
85
What is the highest common factor of 7272 and 102818?
202
Calculate the highest common divisor of 8172 and 4716.
36
What is the highest common divisor of 1116951 and 1086?
543
What is the greatest common divisor of 4263 and 632142?
609
Calculate the greatest common factor of 3100 and 16244.
124
What is the highest common factor of 390 and 7813?
13
Calculate the greatest common factor of 888 and 568986.
222
Calculate the greatest common divisor of 667 and 1833583.
667
Calculate the highest common divisor of 42 and 34755.
21
What is the highest common divisor of 76584 and 192?
24
Calculate the greatest common divisor of 41310 and 2210.
170
What is the greatest common divisor of 1463 and 15939?
77
What is the greatest common divisor of 37228 and 656?
164
What is the greatest common divisor of 11468 and 2068?
188
What is the greatest common factor of 7282 and 55?
11
Calculate the highest common divisor of 30492 and 1008.
252
What is the highest common factor of 566827 and 589?
19
Calculate the greatest common divisor of 17550 and 213300.
1350
What is the greatest common factor of 175635 and 540?
135
What is the highest common divisor of 837 and 702?
27
Calculate the greatest common factor of 72807 and 357.
21
What is the highest common divisor of 1197 and 7541898?
399
What is the highest common divisor of 4487 and 10897?
641
Calculate the highest common divisor of 6450 and 1470.
30
Calculate the greatest common factor of 5472 and 2824.
8
Calculate the highest common divisor of 448160 and 640.
160
What is the highest common factor of 26875 and 50?
25
What is the greatest common divisor of 192 and 9312?
96
What is the greatest common divisor of 47 and 110?
1
Calculate the highest common divisor of 112 and 33572.
28
Calculate the greatest common factor of 537789 and 357.
21
What is the highest common divisor of 8 and 1486136?
8
What is the highest common factor of 188 and 86903?
47
Calculate the greatest common divisor of 102333 and 231.
231
Calculate the greatest common divisor of 327420 and 180.
180
What is the greatest common factor of 5181 and 1848?
33
Calculate the greatest common factor of 5183 and 994.
71
What is the greatest common factor of 29548 and 7636?
332
Calculate the greatest common divisor of 6764 and 874.
38
Calculate the highest common divisor of 18756358 and 